{"id":344,"date":"2018-02-09T12:26:54","date_gmt":"2018-02-09T11:26:54","guid":{"rendered":"http:\/\/derechomercantil.umh.es\/?page_id=344"},"modified":"2018-02-09T12:35:23","modified_gmt":"2018-02-09T11:35:23","slug":"analisis-desarrollo-y-perspectivas-de-las-instituciones-societarias-y-concursales-idoneas-para-el-tratamiento-y-solucion-de-las-crisis-empresariales","status":"publish","type":"page","link":"https:\/\/derechomercantil.umh.es\/ca\/investigacion\/proyectos\/analisis-desarrollo-y-perspectivas-de-las-instituciones-societarias-y-concursales-idoneas-para-el-tratamiento-y-solucion-de-las-crisis-empresariales\/","title":{"rendered":"<span lang=\"es\">(Espa\u00f1ol) An\u00e1lisis, Desarrollo y Perspectivas de las Instituciones Societarias y Concursales Id\u00f3neas para el Tratamiento y Soluci\u00f3n de las Crisis Empresariales Responsable: Josefa Brenes Cort\u00e9s \/ Alberto D\u00edaz Moreno Tipo de Proyecto\/Ayuda: Plan Estatal 2013-2016 Excelencia &#8211; Proyectos I+D Referencia: DER2017-84775-C2-1-P<\/span>"},"content":{"rendered":"<p class=\"qtranxs-available-languages-message qtranxs-available-languages-message-ca\">Ho sentim, aquesta entrada es troba disponible \u00fanicament en <a href=\"https:\/\/derechomercantil.umh.es\/es\/wp-json\/wp\/v2\/pages\/344\" class=\"qtranxs-available-language-link qtranxs-available-language-link-es\" title=\"Espa\u00f1ol\">Espanyol Europeu<\/a>.<\/p>","protected":false},"excerpt":{"rendered":"<p>Ho sentim, aquesta entrada es troba disponible \u00fanicament en Espanyol Europeu.<\/p>\n","protected":false},"author":336,"featured_media":0,"parent":21,"menu_order":1,"comment_status":"closed","ping_status":"closed","template":"","meta":{"_links_to":"","_links_to_target":""},"_links":{"self":[{"href":"https:\/\/derechomercantil.umh.es\/ca\/wp-json\/wp\/v2\/pages\/344"}],"collection":[{"href":"https:\/\/derechomercantil.umh.es\/ca\/wp-json\/wp\/v2\/pages"}],"about":[{"href":"https:\/\/derechomercantil.umh.es\/ca\/wp-json\/wp\/v2\/types\/page"}],"author":[{"embeddable":true,"href":"https:\/\/derechomercantil.umh.es\/ca\/wp-json\/wp\/v2\/users\/336"}],"replies":[{"embeddable":true,"href":"https:\/\/derechomercantil.umh.es\/ca\/wp-json\/wp\/v2\/comments?post=344"}],"version-history":[{"count":0,"href":"https:\/\/derechomercantil.umh.es\/ca\/wp-json\/wp\/v2\/pages\/344\/revisions"}],"up":[{"embeddable":true,"href":"https:\/\/derechomercantil.umh.es\/ca\/wp-json\/wp\/v2\/pages\/21"}],"wp:attachment":[{"href":"https:\/\/derechomercantil.umh.es\/ca\/wp-json\/wp\/v2\/media?parent=344"}],"curies":[{"name":"wp","href":"https:\/\/api.w.org\/{rel}","templated":true}]}}

<span lang="es">(Español) Análisis, Desarrollo y Perspectivas de las Instituciones Societarias y Concursales Idóneas para el Tratamiento y Solución de las Crisis Empresariales Responsable: Josefa Brenes Cortés / Alberto Díaz Moreno Tipo de Proyecto/Ayuda: Plan Estatal 2013-2016 Excelencia &#8211; Proyectos I+D Referencia: DER2017-84775-C2-1-P</span>

<p class="qtranxs-available-languages-message qtranxs-available-languages-message-ca">Ho sentim, aquesta entrada es troba disponible únicament en <a href="https://derechomercantil.umh.es/es/wp-json/wp/v2/pages/344" class="qtranxs-available-language-link qtranxs-available-language-link-es" title="Español">Espanyol Europeu</a>.</p>

<p>Ho sentim, aquesta entrada es troba disponible únicament en Espanyol Europeu.</p>
