{"id":174,"date":"2015-05-29T14:10:57","date_gmt":"2015-05-29T14:10:57","guid":{"rendered":"http:\/\/derechomercantil.umh.es\/?page_id=174"},"modified":"2015-05-29T14:11:27","modified_gmt":"2015-05-29T14:11:27","slug":"proyecto-de-investigacion-del-mineco-con-referencia-der2014-55427-c2-1-p-crisis-empresariales-prevencion-tratamiento-y-solucion-desde-el-derecho-concursal-y-el-derecho-de-sociedades-responsable-jo","status":"publish","type":"page","link":"https:\/\/derechomercantil.umh.es\/en\/investigacion\/proyectos\/proyecto-de-investigacion-del-mineco-con-referencia-der2014-55427-c2-1-p-crisis-empresariales-prevencion-tratamiento-y-solucion-desde-el-derecho-concursal-y-el-derecho-de-sociedades-responsable-jo\/","title":{"rendered":"<span lang=\"es\">(Espa\u00f1ol) Proyecto de Investigaci\u00f3n del MINECO con referencia DER2014-55427-C2-1-P Crisis Empresariales: Prevenci\u00f3n, Tratamiento y Soluci\u00f3n desde el Derecho Concursal y el Derecho de Sociedades. Responsable: Jos\u00e9 Carlos V\u00e1zquez Cueto \/ Alberto D\u00edaz Moreno  Tipo de Proyecto: Plan Estatal 2013-2016 Excelencia<\/span>"},"content":{"rendered":"<p class=\"qtranxs-available-languages-message qtranxs-available-languages-message-en\">Sorry, this entry is only available in <a href=\"https:\/\/derechomercantil.umh.es\/es\/wp-json\/wp\/v2\/pages\/174\" class=\"qtranxs-available-language-link qtranxs-available-language-link-es\" title=\"Espa\u00f1ol\">European Spanish<\/a>.<\/p>","protected":false},"excerpt":{"rendered":"<p>Sorry, this entry is only available in European Spanish.<\/p>\n","protected":false},"author":336,"featured_media":0,"parent":21,"menu_order":0,"comment_status":"closed","ping_status":"open","template":"","meta":{"_links_to":"","_links_to_target":""},"_links":{"self":[{"href":"https:\/\/derechomercantil.umh.es\/en\/wp-json\/wp\/v2\/pages\/174"}],"collection":[{"href":"https:\/\/derechomercantil.umh.es\/en\/wp-json\/wp\/v2\/pages"}],"about":[{"href":"https:\/\/derechomercantil.umh.es\/en\/wp-json\/wp\/v2\/types\/page"}],"author":[{"embeddable":true,"href":"https:\/\/derechomercantil.umh.es\/en\/wp-json\/wp\/v2\/users\/336"}],"replies":[{"embeddable":true,"href":"https:\/\/derechomercantil.umh.es\/en\/wp-json\/wp\/v2\/comments?post=174"}],"version-history":[{"count":0,"href":"https:\/\/derechomercantil.umh.es\/en\/wp-json\/wp\/v2\/pages\/174\/revisions"}],"up":[{"embeddable":true,"href":"https:\/\/derechomercantil.umh.es\/en\/wp-json\/wp\/v2\/pages\/21"}],"wp:attachment":[{"href":"https:\/\/derechomercantil.umh.es\/en\/wp-json\/wp\/v2\/media?parent=174"}],"curies":[{"name":"wp","href":"https:\/\/api.w.org\/{rel}","templated":true}]}}

<span lang="es">(Español) Proyecto de Investigación del MINECO con referencia DER2014-55427-C2-1-P Crisis Empresariales: Prevención, Tratamiento y Solución desde el Derecho Concursal y el Derecho de Sociedades. Responsable: José Carlos Vázquez Cueto / Alberto Díaz Moreno  Tipo de Proyecto: Plan Estatal 2013-2016 Excelencia</span>

<p class="qtranxs-available-languages-message qtranxs-available-languages-message-en">Sorry, this entry is only available in <a href="https://derechomercantil.umh.es/es/wp-json/wp/v2/pages/174" class="qtranxs-available-language-link qtranxs-available-language-link-es" title="Español">European Spanish</a>.</p>
